t c(d) = 17*j(d) - 6*x(d). What is c(a)?
4
Let o(x) = 22*x - 124. Let u be o(6). Let h(i) = -3*i + 8. Let q(y) = 5*y - 13. Let a(b) = u*h(b) + 5*q(b). What is a(6)?
5
Let u(z) be the first derivative of -4 + 1/3*z**3 - 5/2*z**2 + 3*z. What is u(5)?
3
Suppose -60 = 2*m - 5*b - 103, -2*m - 5*b - 27 = 0. Let x(h) = -6*h - 12. Determine x(m).
-36
Let b(a) = -a**2 - 5*a - 3. Let m = 555 - 548. Suppose -3*n + 3*q + m = 16, -5*n = -2*q + 12. Give b(n).
3
Let s(m) = -m**2 - 6*m - 7. Suppose 26*f - 25*f = 2*g - 22, -g - f + 5 = 0. Suppose 2*h - 4*l + 1 = -33, -g = 2*h + l. Determine s(h).
-14
Let y(a) = -2 - 4*a - 4*a - 17*a**3 - 5*a**2 - a. Let s(b) = -3*b**2 - 737470*b - 1 - b**3 + 737465*b - 7*b**3. Let w(d) = -7*s(d) + 4*y(d). Give w(-1).
13
Let p(a) = -21*a - 8. Let b(s) = 5*s + 2. Let r(z) = 4*b(z) + p(z). Suppose -3*n + 1 = -5. Suppose -n*j + 18 = -5*j. Give r(j).
6
Let j(f) be the second derivative of f**3/3 - 3*f**2 - 2*f + 14. Let y(l) = -l + 5. Let u(w) = -2*j(w) - 3*y(w). Calculate u(-9).
6
Let b(n) be the second derivative of n**4/12 + n**3 + 17*n**2/2 - 1307*n. Determine b(-4).
9
Let r(g) = 2*g**3 + 8*g**2 + 5*g + 1. Suppose p + j + 5 = 0, -17 = -78*p + 82*p + 3*j. What is r(p)?
7
Let x(n) = n**2 - 3*n + 1. Let d be x(2). Let c = 765 - 760. Let p(q) = 20*q + 18. Let r(f) = 11*f + 11. Let w(b) = c*r(b) - 3*p(b). Determine w(d).
6
Let i(r) be the second derivative of r**4/12 - 13*r**3/6 + 7*r**2/2 + 2*r. Suppose 5*x = -21 + 1, -w + 8 = x. Calculate i(w).
-5
Let c(g) = -2*g**2 + 21*g + 4. Let f be c(10). Let u(q) = 7 + 9*q + 4*q - 10 - f*q. Calculate u(10).
-13
Let f(v) = v**3 - 27*v**2 - 28*v - 2. Suppose -78*h = -39*h - 1092. Determine f(h).
-2
Let v(t) be the first derivative of -1/4*t**4 - 5*t - 26 + 2*t**3 - 1/2*t**2. Suppose -m = m - 12. Give v(m).
-11
Let g(f) = f**2 + 5*f - 13. Let h(w) = -3*w**2 - 16*w + 38. Let r(v) = -11*g(v) - 4*h(v). Suppose -16*m = -0 - 64. Let a = -5 - m. Calculate r(a).
-9
Let x(g) = -2*g**2 + 11*g - 13. Let k(u) = u**2 - 6*u + 6. Let b(y) = -5*k(y) - 3*x(y). Suppose 4*f + 17 = -3*l + 20, 31 = 4*f - l. Determine b(f).
27
Suppose -4*y + 3*v + 77 = -127, 3*y - v - 153 = 0. Let q(c) = 52*c - 10 - 204*c + y*c + 47*c + 47*c. Calculate q(-7).
39
Let n(s) = -s + 15. Let g be n(10). Suppose -5*u - 4*i + i + 84 = 0, -u = -g*i. Let c(a) = u*a + 3 - 29*a + 11*a - 2*a**2. Calculate c(-3).
-6
Let f(l) = -l**3 + 9*l**2 + 7*l - 15. Let u be (850/(-136))/((-10)/16). What is f(u)?
-45
Let v(o) = -2*o**2 + o + 26. Let s(z) = z**3 + 18*z**2 + 19*z - 100. Let y(a) = s(a) + 2*v(a). Determine y(-12).
-12
Let q(n) = n**3 + 2*n**2 - 7. Let a(p) = -4*p**3 - 18*p**2 + 19*p + 6. Let f(u) = -a(u) - 5*q(u). What is f(6)?
-13
Let c(s) be the first derivative of s**4/24 - s**3/3 + 77*s**2 + 243. Let b(x) be the second derivative of c(x). Give b(2).
0
Let d(y) = 29*y**3 + 26*y**2 - 27*y + 44. Let x(a) = -3*a**3 - 3*a**2 + 3*a - 5. Let n(b) = -2*d(b) - 19*x(b). Suppose 0 = -2*c + 10. Calculate n(c).
-8
Let y(v) be the second derivative of -15*v**3/2 + v**2/2 - 30*v + 110. Give y(1).
-44
Let r(i) = 39*i**2 - 31*i + 18. Let g(n) = -64*n**2 + 63*n - 35. Let x(c) = 3*g(c) + 5*r(c). Calculate x(-12).
9
Let h(r) be the second derivative of -3*r**4/4 + 2*r**2 + 8*r. Let c(t) = -19*t**2 + t + 9. Let a(j) = -2*c(j) + 5*h(j). Let s = -211 + 209. Determine a(s).
-22
Let j(r) be the third derivative of 25/6*r**3 + 0*r + 1/120*r**5 - 4*r**2 + 0 - 1/8*r**4. Let l(m) be the first derivative of j(m). Give l(-3).
-6
Let d(w) be the second derivative of w**3/6 + 27*w**2/2 - 460*w. Calculate d(20).
47
Let v(w) be the second derivative of w**4/3 - 16*w**3/3 + 31*w**2/2 + 1329*w. Determine v(1).
3
Let o be (-325)/17 - 1/((-357)/42). Let a(v) = -4*v - 31. Give a(o).
45
Let f(y) = 6*y - 1. Let d(v) = 12*v - 2. Let b(t) = -6*d(t) + 11*f(t). Let p = 1044 + -1110. Let a be p/11*2/6. Give b(a).
13
Let q(s) be the second derivative of s**5/20 + s**4/12 + s**3/3 - s**2/2 + 1609*s - 2. Calculate q(0).
-1
Let i(m) = -3966*m**3 + m - m**2 + 1319*m**3 + 1326*m**3 + 1322*m**3 + 3. Give i(0).
3
Let z be 3 + -6 - (-8 + 0 + 0). Let w be 21 + (-3 - z) - 9. Let l(g) = -g**3 + 4*g**2 - 5. Calculate l(w).
-5
Let y(p) be the second derivative of -25*p**3/6 - 19*p**2 - p + 1005. Determine y(-2).
12
Suppose -2*v = 8, -b - b - 3*v = 2. Let h(g) = -b*g**2 + 5*g - 3 + 1 + 7*g**2. What is h(-4)?
10
Let x(p) be the first derivative of 2*p**3/3 - 45*p**2/2 - 313*p + 2266. Give x(28).
-5
Suppose q - 3 + 0 = 0. Let v(c) be the second derivative of -1/20*c**5 - 1/2*c**2 - 1/6*c**3 + 11 + 1/4*c**4 - 5*c. Calculate v(q).
-4
Let k(u) = 12 + 5 + 61*u - 44*u - 19*u. Let z = -6 + 11. Determine k(z).
7
Let g(l) = 11*l - 5. Let r(q) be the second derivative of -13*q**3/6 + 3*q**2 + 5*q - 1. Let u(o) = -7*g(o) - 6*r(o). Determine u(-2).
-3
Let a(w) = -w**3 + 2*w**2 + 2*w - 2. Let r(z) = 0*z - 3*z - 2*z**2 + 2*z**3 + 3 + z**2. Suppose n = -3 - 0. Let s(g) = n*a(g) - 2*r(g). What is s(-4)?
0
Let n(d) be the first derivative of 3*d**2 - 50*d - 384. Give n(9).
4
Suppose -5*q = 15, -b = -4*q - 2 - 5. Let o(n) = -2*n**2 - 9*n + 11. Determine o(b).
6
Let r(z) = -8*z**2 - 29*z. Let m be -13 - ((-64)/4 + 6). Determine r(m).
15
Let w be 6/((-1)/((-3)/18)). Let o be -2*(-1*w/1 + -3). Let y(k) = -k**3 + 7*k**2 + k + 10. Give y(o).
-46
Let j(a) = 12*a + 69. Let f(u) = 50*u - 206. Let c be f(4). Give j(c).
-3
Let d(t) = t**3 + 3*t**2 - 13*t - 32. Let z(k) = 47*k - 754. Let b be z(16). Give d(b).
-2
Let b = 11551 - 11551. Let v(y) be the third derivative of 7*y**2 + b - 1/4*y**4 + 0*y - 1/3*y**3. Determine v(-2).
10
Let g = -99 - -103. Let x(h) = -h**3 - 3*h**2 - 3*h**2 + 5 - 5*h - g. Determine x(-5).
1
Let n(d) = d**3 - 11*d**2 + d - 7. Let w(c) = c**2 - 81*c + 895. Let t be w(68). Give n(t).
4
Let s(i) = 3 - 2*i + 4*i + 0*i. Let g be (-4)/7 - ((-1500)/35)/(-30). What is s(g)?
-1
Suppose 0 = -12016*y + 12015*y + 9. Let l(r) be the third derivative of r**6/120 - 2*r**5/15 - 3*r**4/8 - r**3/3 + r**2. Calculate l(y).
-2
Let r(t) = t**3 - 7*t**2 + 1. Let o(s) = -s**2 - s + 1. Let f(w) = 2*o(w) - r(w). Suppose 0 = 481*q - 474*q + 49. Let i be (-7 - -3 - -16) + q. Calculate f(i).
-9
Let m(s) = -108*s - 1726. Let i be m(-16). Let j(c) = -7*c**3 - 2*c**2 - 3*c + 2. Determine j(i).
-68
Suppose -13*r - 40 + 24 = 62. Let b(y) = -3*y**2 - 12*y + 1. Give b(r).
-35
Let c(r) = 10*r**3 - 4*r**2 - 24*r - 15. Let p(f) = -13*f**3 + 5*f**2 + 30*f + 17. Let g(s) = -5*c(s) - 4*p(s). Determine g(-3).
-47
Let q(d) be the third derivative of d**6/120 + 7*d**5/60 - d**4/3 - 5*d**3/3 + 229*d**2. Let y be 2/(0 - 6/(-8) - 1). Determine q(y).
-10
Let x(g) = -13*g**3 + 5*g**2 + 5*g + 5. Let c(n) = -2*n**3 + n**2 + n + 1. Suppose -2*l - 165 = -157. Let h(q) = l*c(q) + x(q). Give h(-1).
6
Let o = -15 + 9. Suppose 0 = m + k - 6*k - 17, -k - 11 = -4*m. Let p(s) = -s**3 + 6*s - 48 + 96 - 3*s - 42 - 6*s**m. Give p(o).
-12
Let t(s) = 9*s - 9. Let i(o) = 2*o - 1. Let q be -2*(9/(-2) - -6). Let b(j) = q*i(j) + t(j). Give b(4).
6
Let x be 128/(-6)*(36/(-8) - -3). Let f(g) = -g**3 + 34*g**2 - 66*g + 72. Calculate f(x).
8
Let z(k) = k**3 - 7*k**2 - 2*k + 24. Let p(x) = 5*x**2 + 141*x + 142. Let v be p(-1). What is z(v)?
-24
Let q = 4404 - 4388. Let m(f) = -3*f + 61. Calculate m(q).
13
Let u(p) = -2*p**2 - 9*p + 2. Let k be u(-3). Let x(v) = 11 - k + 2 - 2*v + 10*v. What is x(-2)?
-14
Let g(u) = -37 - 3*u + 5 + 77 + 17. Calculate g(23).
-7
Let d(r) = r**3 - 37*r**2 + 37*r - 30. Let v be ((-5)/2)/(((-163)/815)/((-144)/(-50))). Give d(v).
6
Let h be (-5 - 308/(-55))/((-3)/30). Let b(q) = q**2 + 17*q + 62. Give b(h).
-4
Suppose -2*z = -k - 12, 2*k + 1423*z - 1418*z + 6 = 0. Let y(u) = -45*u - 357. What is y(k)?
3
Let j(c) = c**3 + 4*c**2 + 3*c. Let b = -13171 + 13167. Calculate j(b).
-12
Let g(m) = 5*m + 162. Let a(l) = 6*l + 192. Let c(f) = 6*a(f) - 7*g(f). Calculate c(-9).
9
Let l(p) = 5*p**3 + 2*p**2 - 2*p - 2. Let b(z) = -z**3 - z**2 + 1. Let f(s) = s**2 + 6*s - 23. Let y be f(3). Let t(v) = y*b(v) + l(v). Calculate t(3).
5
Suppose -2*i = i - 15. Let r(c) = 117*c - 6 - 355*c + 118*c + 119*c. Give r(i).
-11
Let a(f) = -f**3 - 15*f**2 - 16*f + 16. Let h be a(-14). Let u(g) = h*g + 46*g - 89*g - 3. Determine u(10).
7
Let l(u) = 518*u + u**2 + 5 + 557*u + u